s -110323 + 22?
-110301
In base 16, what is 2538f9 + -1?
2538f8
In base 9, what is -16 + 815574?
815557
In base 3, what is 2 - 22011002212?
-22011002210
In base 9, what is 3412807 - 1?
3412806
In base 15, what is 2 + -53d17?
-53d15
In base 11, what is 4 + -3959?
-3955
In base 7, what is 330 - -126?
456
In base 11, what is -1 + a4388?
a4387
In base 5, what is 1 - -2140143?
2140144
In base 2, what is -10 + 1000001100010?
1000001100000
In base 9, what is 151 - -3678?
3840
In base 5, what is 3 - 414434?
-414431
In base 6, what is -11 + 40112?
40101
In base 9, what is 103410 + 5?
103415
In base 6, what is 2004 + 2?
2010
In base 8, what is 1340040 + -3?
1340035
In base 10, what is 3 + -7700?
-7697
In base 8, what is 3 - 10751?
-10746
In base 9, what is 407 + 1041?
1448
In base 3, what is -22 + -20220010220?
-20220011012
In base 5, what is 41 + 24232023?
24232114
In base 7, what is -54 + -36?
-123
In base 10, what is -11173 + -179?
-11352
In base 5, what is -4110 + 4?
-4101
In base 8, what is -6047 - 1?
-6050
In base 7, what is 15301064 + 3?
15301100
In base 14, what is -4b + 4b?
0
In base 7, what is -1 + -51410?
-51411
In base 2, what is 101 + -100001101001110001?
-100001101001101100
In base 11, what is -6 + 25?
1a
In base 14, what is b97b - -5?
b982
In base 10, what is -140 - -2557?
2417
In base 13, what is 13b93 + 1?
13b94
In base 9, what is -40347 + -26?
-40374
In base 13, what is 10887 + 3?
1088a
In base 13, what is -5204 - -1b8?
-5019
In base 9, what is -1 - 112406?
-112407
In base 10, what is 5011 + -9?
5002
In base 10, what is -21 - 242708?
-242729
In base 3, what is 22 + 211101?
211200
In base 14, what is -1224d - 27?
-12276
In base 3, what is 10222 - 120221202?
-120210210
In base 12, what is -1 + -664?
-665
In base 7, what is -4150 - -3006?
-1141
In base 13, what is -918b + 4?
-9187
In base 8, what is -666002 - -4?
-665776
In base 15, what is 2b - -2d4?
310
In base 3, what is -10222111100 + -102?
-10222111202
In base 10, what is 3 - 3665?
-3662
In base 6, what is 4314 + -243?
4031
In base 16, what is 87f2b - 2?
87f29
In base 16, what is -5 + c1dcb?
c1dc6
In base 3, what is 210120212201 + 10?
210120212211
In base 6, what is 142405154 - 3?
142405151
In base 11, what is 4 - 4597?
-4593
In base 13, what is -19 - 357?
-373
In base 13, what is 13 - -168a?
16a0
In base 6, what is -10524452 - -24?
-10524424
In base 3, what is -110 + 2201201?
2201021
In base 2, what is 1110101 + 1100110?
11011011
In base 16, what is 310 - -1b0?
4c0
In base 9, what is 306183 + 2?
306185
In base 2, what is 10010110101 + 11001100?
10110000001
In base 13, what is -2 - -1075b?
10759
In base 5, what is 101122130 - 3?
101122122
In base 12, what is 1206 - 2?
1204
In base 6, what is -5015 + -4?
-5023
In base 10, what is -1 + 25790?
25789
In base 7, what is 53606 + -50?
53526
In base 7, what is -102 + -4254?
-4356
In base 11, what is -770 - 15?
-785
In base 4, what is 10 + 1010210131?
1010210201
In base 11, what is 5989 + -11?
5978
In base 9, what is 41 + 1187?
1238
In base 4, what is 313311 - 20?
313231
In base 9, what is -110877 + 77?
-110800
In base 12, what is 0 + 73689?
73689
In base 7, what is 43 + 363?
436
In base 3, what is -2 + 12122?
12120
In base 16, what is -2d8 + 3?
-2d5
In base 13, what is -6 + -812b?
-8134
In base 8, what is 3 - -750716?
750721
In base 7, what is -143 + -50102?
-50245
In base 13, what is -1 - -165b2?
165b1
In base 13, what is 3b90 - 38?
3b55
In base 9, what is 4 + 265116?
265121
In base 11, what is -188 + 3792?
3605
In base 3, what is -20100221 - -2011?
-20021210
In base 8, what is 61 - 14154?
-14073
In base 16, what is 469 - cc?
39d
In base 6, what is 25 + -41441?
-41412
In base 16, what is -15 - -14a?
135
In base 13, what is 6a3 - -11?
6b4
In base 7, what is 351 + 1133?
1514
In base 15, what is 0 - -5ce4?
5ce4
In base 15, what is -1 + 5d910?
5d90e
In base 2, what is 1000010001 - 101111?
111100010
In base 4, what is -11 - -1333110300?
1333110223
In base 9, what is -18803 + 103?
-18700
In base 13, what is -1 + -b4?
-b5
In base 10, what is 2 - -88487?
88489
In base 12, what is -ab6 + -2388?
-3282
In base 10, what is -3063 - 2?
-3065
In base 6, what is 1100123 - 1?
1100122
In base 8, what is 1254 + -16?
1236
In base 14, what is -1c3 + 3bc?
1d9
In base 5, what is 11 - 10123132?
-10123121
In base 16, what is -35ef - -8?
-35e7
In base 2, what is 100010010000111 + -100?
100010010000011
In base 3, what is 22001212 + 1102?
22010021
In base 10, what is 520124 + -4?
520120
In base 16, what is 5 + -4399?
-4394
In base 9, what is 217 + -203?
14
In base 16, what is -7 - -2240?
2239
In base 2, what is 11111100111111001 - 101?
11111100111110100
In base 16, what is -1366 + -6?
-136c
In base 2, what is -11 - -11001101011110100001?
11001101011110011110
In base 5, what is 12 + 12303042?
12303104
In base 10, what is 0 - 46578?
-46578
In base 9, what is -34575 + -5?
-34581
In base 5, what is 1 + 333002140?
333002141
In base 4, what is -132100232 - -1?
-132100231
In base 15, what is -27 - -b4d?
b26
In base 10, what is -1714 - 49?
-1763
In base 2, what is 100111111010110 + -101?
100111111010001
In base 12, what is 18411 + 0?
18411
In base 6, what is 51345 - -12?
51401
In base 14, what is 136 - -227?
35d
In base 7, what is -611 + -11420?
-12331
In base 2, what is -11010101100001 + 10?
-11010101011111
In base 5, what is -1031 + -4330?
-10411
In base 10, what is -550457 + 0?
-550457
In base 7, what is 6131645 - 0?
6131645
In base 9, what is -120751 + 0?
-120751
In base 15, what is -da + 9a3?
8b8
In base 14, what is -11c - -5cd1?
5bb3
In base 13, what is 11539c3 + -5?
11539bb
In base 10, what is 486164 + -5?
486159
In base 15, what is -19e - 6b?
-21a
In base 8, what is -132 - -1556?
1424
In base 14, what is 1c6c4 - -2?
1c6c6
In base 9, what is 4 - 226331?
-226326
In base 15, what is 4 + -5d4?
-5d0
In base 16, what is 23 - -7ac?
7cf
In base 13, what is -1 - -593b?
593a
In base 9, what is 0 - -52116?
52116
In base 12, what is -2859 - -34?
-2825
In base 14, what is a - 14a8d?
-14a83
In base 6, what is -343030 + 100?
-342530
In base 11, what is -313223 + -4?
-313227
In base 7, what is -3 + -461465?
-461501
In base 7, what is 612 + -161?
421
In base 4, what is 12233103 - -10?
12233113
In base 15, what is -3 - 5bb0?
-5bb3
In base 12, what is -18 - -33639?
33621
In base 14, what is -1d38 + 2?
-1d36
In base 4, what is -121322030300 - -3?
-121322030231
In base 14, what is 1 + -38704?
-38703
In base 8, what is -31532 + 67?
-31443
In base 15, what is -50 + -2ae1?
-2b41
In base 10, what is -21076 - 2?
-21078
In base 11, what is -168720 + -1?
-168721
In base 4, what is -110011 - -11?
-110000
In base 16, what is c9 + c?
d5
In base 10, what is 3 - -61222?
61225
In base 16, what is -44 - 859?
-89d
In base 5, what is 232132 + -110?
232022
In base 5, what is -10 + -10033?
-10043
In base 2, what is -10 - 10001100010100110101?
-10001100010100110111
In base 15, what is 1 - -e29ad?
e29ae
In base 10, what is 6 - 295646?
-295640
In base 11, what is 14413 + 4?
14417
In base 2, what is -10101 + -11001001111?
-11001100100
In base 9, what is -6 + 4522?
4515
In base 9, what is -1 - -46248?
46247
In base 7, what is -136403 + 16?
-136354
In base 3, what is -11202001 + 102?
-11201122
In base 2, what is -1101001000010001010 + -1000?
-1101001000010010010
In base 11, what is 1417 - a?
1408
In base 3, what is 10102220 + 101?
10110021
In base 11, what is -21552 - 3?
-21555
In base 6, what is 104 - -151231?
151335
In base 5, what is -30002 - 311?
-30313
In base 8, what is -100214 + 1?
-100213
In base 5, what is 2100232 - -3?
2100240
In base 8, what is 3 - 1213635?
-1213632
In base 12, what is -216bb + 1?
-216ba
In base 4, what is 11 - -321222122?
321222133
In base 12, what is -91ab8 - 5?
-91b01
In base 4, what is 11 - -22201321?
22201332
In base 16, what is -31 - 323?
-354
In base 13, what is -5 - -281b?
2816
In base 4, what is 230 + 131130?
132020
In base 4, what is -2 + 100232?
100230
In base 7, what is -262 - 633?
-1225
In base 8, what is 125173 - 56?
125115
In base 13, what is -5 - -cab5?
cab0
In base 2, what is 1011101011010110101 + -110?
1011101011010101111
In base 13, what is -1209 - 14?
-1220
In base 2, what is -10001100011 + 11?
-10001100000
In base 12, what is 8216a - 4?
82166
In base 13, what